173630?
True
Is 16 a factor of 5066486?
False
Is 115 a factor of 2748270?
True
Is 154 a factor of 11955?
False
Is 385216 a multiple of 95?
False
Is 29 a factor of 186702?
True
Is 483 a factor of 1430329?
False
Does 27 divide 1246315?
False
Is 36 a factor of 141992?
False
Does 95 divide 94905?
True
Does 284 divide 97696?
True
Does 1700 divide 33270700?
True
Does 685 divide 275649?
False
Is 56 a factor of 7100576?
True
Is 117 a factor of 36855?
True
Is 134 a factor of 954214?
True
Is 44376 even?
True
Is 207 a factor of 307943?
False
Does 16 divide 13451656?
False
Does 25 divide 55825?
True
Is 6 a factor of 27343?
False
Does 461 divide 17081260?
False
Is 20 a factor of 306371?
False
Is 1215027 a multiple of 27?
True
Does 9 divide 1611?
True
Is 455454 a multiple of 10?
False
Does 11 divide 412797?
True
Is 5361080 a multiple of 505?
True
Does 57 divide 688383?
False
Is 97 a factor of 136900?
False
Is 7362906 a multiple of 10?
False
Is 222 a factor of 701508?
False
Does 766 divide 11926620?
True
Does 3 divide 158613?
True
Is 296586 a multiple of 16?
False
Is 831096 a multiple of 63?
True
Is 145 a factor of 583107?
False
Is 874170 a multiple of 15?
True
Is 3286572 a multiple of 32?
False
Is 13 a factor of 7031573?
False
Does 48 divide 1700448?
True
Does 5 divide 495998?
False
Is 183329 a multiple of 244?
False
Is 3094780 a multiple of 52?
True
Is 22 a factor of 3122167?
False
Does 18 divide 672462?
True
Does 31 divide 258565?
False
Does 7 divide 545234?
False
Is 104 a factor of 298307?
False
Does 2 divide 3928?
True
Is 10645 a multiple of 9?
False
Is 263631 a multiple of 74?
False
Is 6150 a multiple of 41?
True
Does 227 divide 1847585?
False
Is 537240 a multiple of 1221?
True
Does 19 divide 444904?
True
Is 82 a factor of 251958?
False
Does 16 divide 53682?
False
Does 518 divide 3455937?
False
Is 91 a factor of 384529?
False
Is 8 a factor of 97792?
True
Does 91 divide 6458273?
False
Is 41492 a multiple of 164?
True
Is 1869099 a multiple of 547?
True
Is 73505 a multiple of 241?
True
Is 317168 a multiple of 86?
True
Is 51 a factor of 2790159?
True
Is 67 a factor of 148874?
True
Is 6645907 a multiple of 43?
False
Is 20 a factor of 9831651?
False
Does 51 divide 3478155?
False
Is 5052782 a multiple of 25?
False
Is 10962225 a multiple of 1761?
True
Does 218 divide 1966780?
False
Does 486 divide 422820?
True
Is 39 a factor of 227292?
True
Is 9346380 a multiple of 356?
False
Is 225 a factor of 413775?
True
Does 947 divide 5587174?
False
Is 2 a factor of 85772?
True
Is 968 a factor of 1985368?
True
Is 38 a factor of 928401?
False
Is 832242 a multiple of 146?
False
Is 373624 a multiple of 5?
False
Is 728412 a multiple of 12?
True
Is 180900 a multiple of 402?
True
Is 526 a factor of 1763593?
False
Is 117 a factor of 253520?
False
Is 82 a factor of 1263474?
False
Is 6363990 a multiple of 310?
True
Is 852 a factor of 5522664?
True
Is 3753397 a multiple of 184?
False
Does 82 divide 80179?
False
Is 1060120 a multiple of 170?
True
Does 9 divide 39100?
False
Is 58 a factor of 408958?
True
Is 83148 a multiple of 507?
True
Is 19305 a multiple of 65?
True
Is 255 a factor of 101745?
True
Does 598 divide 4831840?
True
Is 15613544 a multiple of 20?
False
Does 10 divide 187506?
False
Is 11 a factor of 2954292?
True
Does 79 divide 164995?
False
Is 282 a factor of 270810?
False
Does 175 divide 553875?
True
Does 277 divide 1600?
False
Does 822 divide 12546680?
False
Does 38 divide 374756?
True
Is 17 a factor of 20745916?
True
Is 4227481 a multiple of 19?
True
Is 29918 a multiple of 2?
True
Is 839510 a multiple of 407?
False
Does 170 divide 3407990?
True
Does 81 divide 1006263?
True
Is 1015 a factor of 3126200?
True
Does 106 divide 91902?
True
Does 544 divide 1091098?
False
Is 4365714 a multiple of 501?
True
Is 2379678 a multiple of 26?
False
Does 17 divide 23670715?
True
Is 1461616 a multiple of 52?
True
Is 927894 a multiple of 11?
True
Is 59 a factor of 8319?
True
Is 1413651 a multiple of 227?
False
Is 2765707 a multiple of 170?
False
Is 749910 a multiple of 7?
True
Is 13 a factor of 3244904?
True
Does 30 divide 4686930?
True
Is 1162852 a multiple of 8?
False
Does 58 divide 864119?
False
Does 495 divide 901395?
True
Is 37 a factor of 1800309?
True
Is 653 a factor of 3452832?
False
Is 563832 a multiple of 164?
True
Does 25 divide 59275?
True
Is 1121662 a multiple of 58?
True
Does 27 divide 464715?
False
Is 3183232 a multiple of 104?
True
Is 15 a factor of 582179?
False
Does 55 divide 6863395?
True
Does 9 divide 1221197?
False
Does 24 divide 490752?
True
Is 279984 a multiple of 36?
False
Does 8 divide 181232?
True
Does 75 divide 99825?
True
Is 122360 a multiple of 8?
True
Is 37 a factor of 2812?
True
Does 890 divide 2100400?
True
Is 366 a factor of 160610?
False
Is 141 a factor of 11773974?
False
Is 13 a factor of 2639?
True
Is 558552 a multiple of 12?
True
Is 66301 a multiple of 31?
False
Does 6 divide 404430?
True
Does 42 divide 144900?
True
Is 5 a factor of 293151?
False
Is 174849 a multiple of 297?
False
Does 789 divide 2612561?
False
Is 39840 a multiple of 120?
True
Is 197792 a multiple of 28?
True
Does 522 divide 992449?
False
Is 51 a factor of 9020?
False
Is 870535 a multiple of 108?
False
Does 105 divide 148260?
True
Is 86 a factor of 1924852?
True
Is 1308320 a multiple of 442?
True
Is 877854 a multiple of 6?
True
Is 839175 a multiple of 6?
False
Is 8 a factor of 512668?
False
Does 15 divide 29994?
False
Is 400145 a multiple of 191?
True
Is 121080 a multiple of 6?
True
Is 881 a factor of 3089667?
True
Is 15844 a multiple of 34?
True
Does 67 divide 373033?
False
Is 3907416 a multiple of 51?
True
Is 58 a factor of 172028?
True
Does 3 divide 6994?
False
Is 249429 a multiple of 87?
True
Is 32 a factor of 81547?
False
Is 51 a factor of 5599596?
True
Does 225 divide 426842?
False
Does 3 divide 180987?
True
Is 64900 a multiple of 100?
True
Is 1189581 a multiple of 101?
False
Does 29 divide 2096084?
False
Does 8 divide 2228824?
True
Is 3289596 a multiple of 239?
True
Is 74934 a multiple of 414?
True
Is 24 a factor of 142083?
False
Is 2079922 a multiple of 56?
False
Is 25 a factor of 425635?
False
Is 19014138 a multiple of 350?
False
Does 32 divide 109568?
True
Is 6878574 a multiple of 459?
True
Does 271 divide 220323?
True
Is 25 a factor of 139775?
True
Is 14306516 a multiple of 599?
True
Is 92 a factor of 81671?
False
Is 332404 a multiple of 8?
False
Is 19 a factor of 64296?
True
Is 18 a factor of 38070?
True
Is 24 a factor of 1351119?
False
Is 3663118 a multiple of 5?
False
Is 148740 a multiple of 43?
False
Is 81280 a multiple of 185?
False
Does 28 divide 1134305?
False
Does 4 divide 284069?
False
Is 58958 a multiple of 102?
False
Is 601 a factor of 7317175?
True
Is 45 a factor of 5393295?
True
Does 138 divide 143796?
True
Is 540444 a multiple of 106?
False
Does 19 divide 1880498?
False
Is 481194 a multiple of 14?
True
Does 51 divide 87720?
True
Does 14 divide 3999604?
True
Is 85826 a multiple of 723?
False
Is 121813 a multiple of 694?
False
Is 720 a factor of 906697?
False
Is 640 a factor of 1033119?
False
Does 7 divide 102758?
False
Is 66 a factor of 313764?
True
Is 5436256 a multiple of 28?
True
Is 5 a factor of 39439?
False
Does 9 divide 10124?
False
Does 18 divide 93055?
False
Is 300 a factor of 14675700?
True
Is 86835 a multiple of 7?
True
Is 9 a factor of 205074?
True
Does 503 divide 763045?
False
Is 113 a factor of 2660648?
False
Is 508921 a multiple of 763?
True
Does 105 divide 126000?
True
Does 3 divide 2428110?
True
Is 142812 a multiple of 12?
True
Does 18 divide 137628?
True
Is 969 a factor of 3129476?
False
Is 284040 a multiple of 24?
True
Is 217296 a multiple of 48?
True
Is 3 a factor of 30582?
True
Does 53 divide 5496418?
True
Is 131394 a multiple of 61?
True
Is 107547 a multiple of 385?
False
Is 14 a factor of 8094374?
False
Does 47 divide 12116544?
False
Is 709150 a multiple of 130?
True
Is 1567660 a multiple of 15?
False
Is 196 a factor of 139356?
True
Is 76 a factor of 152?
True
Does 2 divide 100492?
True
Does 24 divide 35861?
False
Is 15 a factor of 2154490?
False
Does 127 divide 1082764?
False
Is 69 a factor of 3945081?
False
Does 58 divide 56434?
True
Is 502726 a multiple of 88?
False
Is 502 a factor of 801694?
True
Is 4572785 a multiple of 12?
False